e tens digit of 2706?
0
What is the units digit of 41456?
6
What is the thousands digit of 80710?
0
What is the tens digit of 606?
0
What is the units digit of 569?
9
What is the tens digit of 33451?
5
What is the tens digit of 651?
5
What is the hundreds digit of 612?
6
What is the tens digit of 30962?
6
What is the thousands digit of 4190?
4
What is the thousands digit of 4013?
4
What is the hundreds digit of 148?
1
What is the units digit of 6226?
6
What is the hundreds digit of 1801?
8
What is the units digit of 1210?
0
What is the thousands digit of 18245?
8
What is the tens digit of 34734?
3
What is the thousands digit of 10539?
0
What is the thousands digit of 4324?
4
What is the units digit of 5618?
8
What is the tens digit of 110494?
9
What is the hundreds digit of 186?
1
What is the hundreds digit of 807?
8
What is the units digit of 128984?
4
What is the hundreds digit of 437?
4
What is the thousands digit of 1428?
1
What is the units digit of 2132?
2
What is the units digit of 6253?
3
What is the units digit of 3442?
2
What is the thousands digit of 1770?
1
What is the tens digit of 20898?
9
What is the hundreds digit of 2324?
3
What is the thousands digit of 1558?
1
What is the thousands digit of 1436?
1
What is the tens digit of 12166?
6
What is the units digit of 1361?
1
What is the hundreds digit of 3043?
0
What is the hundreds digit of 3901?
9
What is the units digit of 5362?
2
What is the ten thousands digit of 10595?
1
What is the units digit of 7857?
7
What is the tens digit of 4741?
4
What is the ten thousands digit of 29583?
2
What is the tens digit of 202?
0
What is the hundreds digit of 2668?
6
What is the tens digit of 33635?
3
What is the tens digit of 6890?
9
What is the hundreds digit of 2819?
8
What is the hundreds digit of 202?
2
What is the hundreds digit of 2891?
8
What is the thousands digit of 12723?
2
What is the tens digit of 17479?
7
What is the hundreds digit of 1336?
3
What is the units digit of 20241?
1
What is the hundreds digit of 11650?
6
What is the units digit of 9248?
8
What is the ten thousands digit of 87053?
8
What is the hundreds digit of 780?
7
What is the thousands digit of 2922?
2
What is the thousands digit of 5928?
5
What is the hundreds digit of 490?
4
What is the hundreds digit of 1480?
4
What is the tens digit of 23513?
1
What is the units digit of 430?
0
What is the thousands digit of 7710?
7
What is the units digit of 7494?
4
What is the tens digit of 1065?
6
What is the thousands digit of 58715?
8
What is the units digit of 3457?
7
What is the units digit of 8419?
9
What is the tens digit of 7530?
3
What is the tens digit of 31931?
3
What is the tens digit of 1298?
9
What is the ten thousands digit of 32698?
3
What is the hundred thousands digit of 131968?
1
What is the ten thousands digit of 86122?
8
What is the hundreds digit of 2353?
3
What is the hundreds digit of 4913?
9
What is the hundreds digit of 4911?
9
What is the hundreds digit of 936?
9
What is the units digit of 688?
8
What is the tens digit of 160?
6
What is the thousands digit of 1239?
1
What is the tens digit of 88?
8
What is the tens digit of 101687?
8
What is the hundreds digit of 4545?
5
What is the ten thousands digit of 11102?
1
What is the ten thousands digit of 34900?
3
What is the tens digit of 28940?
4
What is the tens digit of 13170?
7
What is the hundreds digit of 29483?
4
What is the thousands digit of 17276?
7
What is the hundreds digit of 2752?
7
What is the units digit of 827?
7
What is the hundreds digit of 152?
1
What is the hundreds digit of 228?
2
What is the units digit of 2501?
1
What is the hundreds digit of 30696?
6
What is the thousands digit of 5367?
5
What is the units digit of 10577?
7
What is the tens digit of 1014?
1
What is the tens digit of 10070?
7
What is the ten thousands digit of 21363?
2
What is the hundreds digit of 17964?
9
What is the hundreds digit of 5834?
8
What is the tens digit of 4499?
9
What is the ten thousands digit of 21638?
2
What is the units digit of 1214?
4
What is the tens digit of 424?
2
What is the tens digit of 538?
3
What is the thousands digit of 11529?
1
What is the units digit of 1156?
6
What is the tens digit of 5719?
1
What is the thousands digit of 2229?
2
What is the ten thousands digit of 52715?
5
What is the tens digit of 6966?
6
What is the thousands digit of 8588?
8
What is the units digit of 90040?
0
What is the tens digit of 1015?
1
What is the hundreds digit of 1482?
4
What is the tens digit of 104904?
0
What is the units digit of 1149?
9
What is the hundreds digit of 29103?
1
What is the thousands digit of 35530?
5
What is the hundreds digit of 220?
2
What is the units digit of 5403?
3
What is the hundreds digit of 595?
5
What is the units digit of 4029?
9
What is the thousands digit of 3601?
3
What is the hundreds digit of 857?
8
What is the hundreds digit of 2483?
4
What is the thousands digit of 7451?
7
What is the ten thousands digit of 17508?
1
What is the ten thousands digit of 49390?
4
What is the tens digit of 6346?
4
What is the tens digit of 1041?
4
What is the thousands digit of 2801?
2
What is the hundreds digit of 1028?
0
What is the ten thousands digit of 14235?
1
What is the tens digit of 101?
0
What is the thousands digit of 2980?
2
What is the tens digit of 333?
3
What is the thousands digit of 1322?
1
What is the units digit of 111?
1
What is the units digit of 1361?
1
What is the tens digit of 119351?
5
What is the thousands digit of 11675?
1
What is the tens digit of 5097?
9
What is the hundred thousands digit of 187612?
1
What is the units digit of 6149?
9
What is the hundreds digit of 82058?
0
What is the tens digit of 14396?
9
What is the thousands digit of 2642?
2
What is the units digit of 327?
7
What is the thousands digit of 1601?
1
What is the thousands digit of 3315?
3
What is the hundreds digit of 236?
2
What is the thousands digit of 10486?
0
What is the units digit of 2748?
8
What is the ten thousands digit of 36966?
3
What is the tens digit of 743?
4
What is the hundreds digit of 609?
6
What is the thousands digit of 5342?
5
What is the hundreds digit of 13825?
8
What is the tens digit of 130927?
2
What is the hundreds digit of 18599?
5
What is the units digit of 331?
1
What is the hundreds digit of 1363?
3
What is the tens digit of 1011?
1
What is the units digit of 14624?
4
What is the tens digit of 46?
4
What is the thousands digit of 6728?
6
What is the tens digit of 5997?
9
What is the hundreds digit of 7421?
4
What is the tens digit of 21966?
6
What is the tens digit of 7905?
0
What is the units digit of 22673?
3
What is the thousands digit of 2015?
2
What is the hundreds digit of 20948?
9
What is the tens digit of 1167?
6
What is the units digit of 11507?
7
What is the units digit of 7953?
3
What is the thousands digit of 9961?
9
What is the units digit of 3914?
4
What is the tens digit of 475?
7
What is the units digit of 3275?
5
What is the tens digit of 2369?
6
What is the tens digit of 7357?
5
What is the thousands digit of 4496?
4
What is the units digit of 1822?
2
What is the units digit of 6074?
4
What is the tens digit of 7065?
6
What is the hundreds digit of 16428?
4
What is the hundreds digit of 11557?
5
What is the units digit of 53208?
8
What is the units digit of 6042?
2
What is the ten thousands digit of 35334?
3
What is the tens digit of 890?
9
What is the thousands digit of 1633?
1
What is the hundreds digit of 23434?
4
What is the tens digit of 514?
1
What is the units digit of 49?
9
What is the tens digit of 9866?
6
What is the hundreds digit of 2557?
5
What is the tens digit of 9146?
4
What is the thousands digit of 31151?
1
What is the tens digit of 42868?
6
What is the units digit of 13125?
5
What is the ten thousands digit of 96348?
9
What is the tens digit of 39090?
9
What is the thousands digit of 4573?
4
What is the ten thousands digit of 11590?
1
What is the units digit of 50?
0
What is the hundreds digit of 8042?
0
What is the thousands digit of 127258?
7
What is the tens digit of 19460?
6
What is the units digit of 126?
6
What is the hundreds digit of 194750?
7
What is the tens digit of 3290?
9
What is the tens digit of 4116?
1
What is the thousands digit of 18248?
8
What i